{"version":"1.0","provider_name":"Palmero Despachante de Aduana","provider_url":"https:\/\/palmerodespachante.uy","title":"MERCADO DE TRABAJO - Palmero Despachante de Aduana","type":"rich","width":600,"height":338,"html":"<blockquote class=\"wp-embedded-content\" data-secret=\"Q5XLHwhV78\"><a href=\"https:\/\/palmerodespachante.uy\/index.php\/2025\/12\/19\/mercado-de-trabajo\/\">MERCADO DE TRABAJO<\/a><\/blockquote><iframe sandbox=\"allow-scripts\" security=\"restricted\" src=\"https:\/\/palmerodespachante.uy\/index.php\/2025\/12\/19\/mercado-de-trabajo\/embed\/#?secret=Q5XLHwhV78\" width=\"600\" height=\"338\" title=\"\u00abMERCADO DE TRABAJO\u00bb \u2014 Palmero Despachante de Aduana\" data-secret=\"Q5XLHwhV78\" frameborder=\"0\" marginwidth=\"0\" marginheight=\"0\" scrolling=\"no\" class=\"wp-embedded-content\"><\/iframe><script type=\"text\/javascript\">\n\/* <![CDATA[ *\/\n\/*! This file is auto-generated *\/\n!function(d,l){\"use strict\";l.querySelector&&d.addEventListener&&\"undefined\"!=typeof URL&&(d.wp=d.wp||{},d.wp.receiveEmbedMessage||(d.wp.receiveEmbedMessage=function(e){var t=e.data;if((t||t.secret||t.message||t.value)&&!\/[^a-zA-Z0-9]\/.test(t.secret)){for(var s,r,n,a=l.querySelectorAll('iframe[data-secret=\"'+t.secret+'\"]'),o=l.querySelectorAll('blockquote[data-secret=\"'+t.secret+'\"]'),c=new RegExp(\"^https?:$\",\"i\"),i=0;i<o.length;i++)o[i].style.display=\"none\";for(i=0;i<a.length;i++)s=a[i],e.source===s.contentWindow&&(s.removeAttribute(\"style\"),\"height\"===t.message?(1e3<(r=parseInt(t.value,10))?r=1e3:~~r<200&&(r=200),s.height=r):\"link\"===t.message&&(r=new URL(s.getAttribute(\"src\")),n=new URL(t.value),c.test(n.protocol))&&n.host===r.host&&l.activeElement===s&&(d.top.location.href=t.value))}},d.addEventListener(\"message\",d.wp.receiveEmbedMessage,!1),l.addEventListener(\"DOMContentLoaded\",function(){for(var e,t,s=l.querySelectorAll(\"iframe.wp-embedded-content\"),r=0;r<s.length;r++)(t=(e=s[r]).getAttribute(\"data-secret\"))||(t=Math.random().toString(36).substring(2,12),e.src+=\"#?secret=\"+t,e.setAttribute(\"data-secret\",t)),e.contentWindow.postMessage({message:\"ready\",secret:t},\"*\")},!1)))}(window,document);\n\/\/# sourceURL=https:\/\/palmerodespachante.uy\/wp-includes\/js\/wp-embed.min.js\n\/* ]]> *\/\n<\/script>\n","description":"R\u00c9CORD DE DEMANDA LABORAL EN 2025 Y PERSPECTIVAS PARA EL A\u00d1O PR\u00d3XIMO. La demanda laboral alcanz\u00f3 un nivel r\u00e9cord en 2025 y se espera que mantenga el dinamismo el a\u00f1o pr\u00f3ximo. De hecho, la mayor\u00eda de empresarios consultados por diferentes encuestas estiman que no habr\u00e1 una disminuci\u00f3n de trabajadores en sus compa\u00f1\u00edas durante 2026. El [&hellip;]"}

RÉCORD DE DEMANDA LABORAL EN 2025 Y PERSPECTIVAS PARA EL AÑO PRÓXIMO. La demanda laboral alcanzó un nivel récord en 2025 y se espera que mantenga el dinamismo el año próximo. De hecho, la mayoría de empresarios consultados por diferentes encuestas estiman que no habrá una disminución de trabajadores en sus compañías durante 2026. El [&hellip;]
